Let x be s(-2). Determine j(x).
2
Let d(g) = 13*g**3 + 9*g**2 + 2*g - 12. Let z(o) = -33*o**3 - 18*o**2 - 4*o + 29. Let j(a) = 5*d(a) + 2*z(a). Calculate j(9).
16
Suppose 270*s + 450 = 288*s. Let m(f) be the second derivative of -f**5/20 + 25*f**4/12 - f**3/6 + 10*f**2 - 30*f. Determine m(s).
-5
Let m(q) be the third derivative of -7/3*q**3 + 1/24*q**4 - 11*q**2 + 0*q + 0. Let g(o) = -o**2 - o. Let h be g(0). What is m(h)?
-14
Let z(h) = -105*h - 10. Let k(w) = 25*w - 2. Let x(n) = 4*k(n) + z(n). Give x(-3).
-3
Let a(r) = 41*r - 44. Let k(n) = -18*n + 17. Let c(i) = -2*a(i) - 5*k(i). Give c(-8).
-61
Let w(l) be the third derivative of l**5/60 - l**4/8 - 5*l**3/6 - l**2. Let k(a) = -a - 8. Let b be k(-34). Suppose g = -b*g + 135. What is w(g)?
5
Let s(l) be the second derivative of -l**3/6 - 7*l**2 - 227*l - 3. Determine s(7).
-21
Let h(n) = 7*n**3 - 6*n - 9. Suppose -4*y - 15 + 67 = 0. Let v(z) = 15*z**3 - 13*z - 18. Let i(t) = y*h(t) - 6*v(t). Determine i(0).
-9
Suppose 5*c + 1 = 3*r - 5*r, 0 = c - r - 4. Let u(o) = -26*o - 40. Let m be u(-10). Let x(l) = 1 - l - m*l**2 + 110*l**2 + 114*l**2. Give x(c).
4
Let o(x) = x**3 - 41*x**2 - 37*x - 205. Let w be o(42). Let c(k) = 3*k + 63 + k + k**3 - 3*k**3 - 4*k**2 + w*k**3 - 67. Give c(2).
12
Let s(w) = -w - 7. Let o be s(-2). Let x(f) = 2 + 4*f**2 - 6 - 3*f + 6. Let b(u) = -7*u**2 + 7*u - 5. Let c(p) = o*x(p) - 3*b(p). Calculate c(5).
0
Suppose -243*x = -57*x - 54 + 798. Let m(p) = -p**2 + 4*p - 4. What is m(x)?
-36
Let c(r) = r**3 + 10*r**2 - 9*r + 13. Let f(a) be the first derivative of -2*a**2 + 25*a + 119. Let k be f(9). Calculate c(k).
-9
Let x(y) = -y**3 + y**2 + y + 1. Let s be 5 - 2/1 - (-42 + 46). Give x(s).
2
Suppose -d + 3*o = -9, -2*o = -4*d + 8*d - 50. Suppose -d = -14*j + 15*j. Let m(t) = -2*t - 24. What is m(j)?
0
Let z(a) = -9*a - 89*a**2 + 33*a**2 + 25*a**2 + 33*a**2 + 20 - 4. Calculate z(2).
6
Let c(j) = 121*j + 753 - 410*j + j**2 + 115*j - 204 + 127*j. What is c(27)?
9
Let v(r) = 12*r - 36. Suppose 232 = 61*t - 7*t + 70. Give v(t).
0
Let h = -55 - -47. Let d(t) = -30*t - 40. Let v(s) = s**2 - 3*s - 2. Let a be v(4). Let r(l) = 7*l + 10. Let j(u) = a*d(u) + 9*r(u). Calculate j(h).
-14
Let n(o) = 41*o + 412. Let v be n(-10). Let s(f) be the second derivative of f + 1/2*f**3 + 0 - 1/2*f**v. Give s(-2).
-7
Let x(q) = 2*q + 2. Let j(n) be the second derivative of -9*n**3 + 105*n**2/2 - 135*n. Let z be j(2). Give x(z).
-4
Let s(o) = 10*o**3 + 9*o**2 - 6. Let h(i) = 7*i**3 + 8*i**2 - 6. Let m(y) = 3*h(y) - 2*s(y). Let f(u) = 2*u + 4. Let a be f(-5). Calculate m(a).
-6
Let b(i) = i**3 + 4*i**2 + 3*i. Suppose 19 = q + 17. Suppose t + 4 = 2*w, 4*t + q*w - 20 = t. Suppose -a = -2*a - t. What is b(a)?
-12
Let b be (-1 + 0)/(-1*1). Let g(r) be the first derivative of -7*r**5/120 + r**4/24 + 30*r**3 + 66. Let m(l) be the third derivative of g(l). Give m(b).
-6
Let b(v) = -69*v**3 - 15*v**2 + 175*v + 6. Let x(c) = 22*c**3 + 5*c**2 - 56*c - 2. Let p(h) = 7*b(h) + 22*x(h). Let u = -5 - 1. Give p(u).
4
Let g(p) = p**3 - p**2 - p + 6. Suppose -3*x = 4*d + 3, 11 = -x + 12*d - 15*d. Let b(n) = -6*n**2 - 1. Let r be b(1). Let s = x + r. What is g(s)?
6
Let w = 178 - 148. Suppose -2*s = 8*s - w. Let x(c) = c**3 - 4*c**2 + 3*c + 1. Give x(s).
1
Let f(w) = 6*w**3 - 2*w**2 - 2. Suppose 180 = -227*q + 221*q. Let n = 32 + q. Give f(n).
38
Let n(x) = -x. Suppose -5*v = 20, -2*f + 5*f - v + 116 = 0. Let b be ((-5)/5)/(-1 - (-132)/129). Let m = b - f. Calculate n(m).
3
Let o(r) be the second derivative of -r**6/240 + r**5/60 - 37*r**4/6 + r + 39. Let w(n) be the third derivative of o(n). Determine w(2).
-4
Let g(a) = a**2 + 48*a + 206. Let k be g(-5). Let u(j) = -2*j - 33. Calculate u(k).
-15
Let x(u) be the first derivative of u**3/3 - 3*u**2 - 8*u + 3971. Let h(c) = -c**3 - 5*c**2 + 5*c + 1. Let b be h(-6). Calculate x(b).
-1
Let k(r) be the first derivative of 2*r**4 - r**3 + 2*r**2 - r - 2482. Determine k(1).
8
Let c = 15565 + -15569. Let m(v) = 2*v**2 - 24*v - 96. What is m(c)?
32
Let q = 6938 - 6946. Let v(c) = 2*c**2 + 19*c + 17. Give v(q).
-7
Let d = 130 + -67. Let x = d + -57. Let j(c) = c**3 - 7*c**2 + 7*c - 1. What is j(x)?
5
Let h(i) = i**3 - i - 5. Let k be h(0). Let f be 2*(-8)/16 - 6/(-2). Let t(x) = 4 + x**f + 2*x**2 - 4*x**2 - 30*x + 26*x. Calculate t(k).
-1
Suppose -o + 5*d + 25 = 9, -23 = -o - 2*d. Let t = 26 - o. Let i(f) = -f**2 + 7*f - 1. What is i(t)?
9
Suppose 76*k + 8950 = 8570. Let n(p) = p**3 + 8*p**2 + 7*p + 11. Give n(k).
51
Let p(q) = q**3 + 5*q**2 + 2*q + 4. Let a be -1*(-17 + 0)*5. Suppose -a + 17 = -17*l. Suppose l = -10*u + 9*u. Calculate p(u).
12
Let d(m) = 3*m**3 - 4*m**2 + 3. Let f(j) = -10*j**3 + 12*j**2 - 10. Let i(x) = -7*d(x) - 2*f(x). Let l = 25 - -26. Suppose -8*b - 9*b + l = 0. Determine i(b).
8
Let o(z) be the first derivative of z**4/4 - z**3 - z**2/2 - 4*z - 149. Let y = -211 - -214. Determine o(y).
-7
Let y(l) = -6*l + 3 + 6*l + 2*l. Suppose -2*h - 4*r + 12 = -4*h, -r = -2. Give y(h).
-1
Let n(f) = 4*f + 4. Let g(c) = -81*c + 4365. Let l be g(54). Determine n(l).
-32
Let o = -319 + 323. Suppose 5*x = 18 - 3, 3*i - o*x = 6. Let d(y) = y**3 - 6*y**2 - 4*y + 9. Calculate d(i).
-15
Let j(h) = -h**2 - 2904714*h - h**2 + 2904710*h. What is j(-3)?
-6
Let a(x) be the third derivative of -1/60*x**5 + 3*x**2 + 0*x**3 + 0*x + 1/8*x**4 - 4. Give a(5).
-10
Let v(x) be the second derivative of 0 + 1/6*x**3 + 96*x - 7/2*x**2. Calculate v(-9).
-16
Let d(j) = 0*j + 6*j - 14*j + 7*j - 1 + 9*j. What is d(-13)?
-105
Let b(f) = -3*f**3 + f**2 - 2*f. Let n(a) = -a - 8. Let u be n(-9). Let x be b(u). Let s(g) = 2 + 10*g - 22*g + 17*g. Give s(x).
-18
Let y(j) be the third derivative of -j**4/8 - 4*j**3 - 1178*j**2 - 1. Calculate y(-15).
21
Let d(i) be the second derivative of i**5/20 + i**4/4 - 17*i**3/6 + i**2/2 - i + 584. Determine d(-6).
-5
Let u(y) be the first derivative of -19*y**3/3 - y**2 - y - 4095. Determine u(-1).
-18
Let s(d) = d - 24. Let j be s(13). Let z(y) = -23*y**2 + 21*y + 22. Let o(l) = 9*l**2 - 11*l - 11. Let g(t) = -5*o(t) - 2*z(t). What is g(j)?
-11
Let s(r) = -r**3 + 21*r**2 - 21*r + 18. Let l(w) = 243*w + 7310. Let x be l(-30). Determine s(x).
-2
Let t(r) = 189*r - 200. Let f be t(1). Let p(y) = -y**3 - 11*y**2 - 40*y - 435. Calculate p(f).
5
Let l(c) be the second derivative of -c**5/10 + 5*c**4/12 - c**3/3 - c**2 + 10498*c + 1. Suppose -5*x - 5*n + 0*n = -40, x + 5*n = 28. Calculate l(x).
-17
Let a(i) = -46 - 10 - 4 - 14*i - 4. Calculate a(-4).
-8
Let k(x) = -3*x + 166. Let h(g) = 2*g - 92. Let a(u) = -9*h(u) - 5*k(u). Determine a(0).
-2
Let x(s) = 3*s - 409*s**2 + 408*s**2 + s. What is x(5)?
-5
Let v(a) = -31*a**2 + 12*a**2 + 7*a**2 + 5*a**2 + 1 + 4*a**2. Give v(-2).
-11
Let y(k) = -k - 1. Suppose 4*s = -g - 3*g + 80, 0 = -5*s - g + 84. Let b = 20 - 16. Suppose -s = -12*o + b*o. Calculate y(o).
-3
Suppose -8*m = -10*m + 8. Suppose -4 = -4*w + 5*u, -m*w - 3*u + u - 24 = 0. Let i(s) = 5*s - 9. Let y(v) = 5*v - 7. Let f(b) = -4*i(b) + 5*y(b). Determine f(w).
-19
Let b(p) = 5433 - 5460 + 20*p + 13*p + 13*p. What is b(1)?
19
Let v(p) = 5*p + 76. Let u be 30/(-8)*(33 + 3185/(-105)). Give v(u).
26
Let s be (-1075)/(-860)*(-32)/(-10). Let p(t) = 27*t - 12. Determine p(s).
96
Let j(d) = -d**3 + 1. Let b(o) = -11*o**2 - 17*o - 8*o**3 - 1 + 14*o**3 + 27*o**2 - 5*o**3. Suppose -8*h + 4*h = 68. Let w be b(h). Give j(w).
2
Suppose -1 - 10 = -t. Let s(z) = -6*z**2 - 56*z - 64. Suppose -3*u = -0*u + 6. Let d(m) = -m**2 - 11*m - 13. Let q(x) = u*s(x) + 11*d(x). Give q(t).
7
Let v be (1 - 0)*(-9)/3. Let o(d) be the first derivative of d**3/3 + d**2 + 17721. Give o(v).
3
Suppose -4*z + 0 = 3*y + 23, -4*y + 5*z = 10. Let c(w) = 5*w**2 + 14*w - 26. Let f(i) = -3*i**2 - 9*i + 16. Let t(j) = y*c(j) - 8*f(j). Give t(5).
-13
Let s be 5 - 0 - (-69)/(-3). Let t be (s/(-12))/((-1)/4). Let l(o) = -o**2 - 7*o + 3. Determine l(t).
9
Suppose -m = -3*g - 20, 2*m + g = 36 - 3. Suppose 5*h + 7 = m, -32 = 5*k + 4*h. Let y(s) = 2*s + 9. What is y(k)?
-7
Suppose 242*s = 238*s. Let d be 0 - (s + -10 + 3). Let t(n) = -n**2 + 3*n + 2. Determine t(d).
-26
Let l(g) = -g**2 - 3 + 101*g - 103*g - 5*g**2 + 3. What is l(-1)?
-4
Let u(s) = -s**3 + 1 - 5 + 1413*s - 1415*s. Let h(g) = 3*g**3 - g**2 + 6